{"id":202,"date":"2024-03-01T12:26:35","date_gmt":"2024-03-01T12:26:35","guid":{"rendered":"https:\/\/envothemes.com\/envo-storefront\/?post_type=product&#038;p=202"},"modified":"2025-04-18T15:29:56","modified_gmt":"2025-04-18T15:29:56","slug":"merinos-yunu","status":"publish","type":"product","link":"https:\/\/temizisyuntarama.com\/?product=merinos-yunu","title":{"rendered":"MER\u0130NOS Y\u00dcN"},"content":{"rendered":"<p class=\"\" data-start=\"117\" data-end=\"406\"><strong data-start=\"117\" data-end=\"133\">Merinos y\u00fcn\u00fc<\/strong>, d\u00fcnya genelinde en kaliteli ve en \u00e7ok tercih edilen y\u00fcn t\u00fcrlerinden biridir. Bu y\u00fcn, ad\u0131n\u0131 k\u00f6keni \u0130spanya\u2019ya dayanan <strong data-start=\"252\" data-end=\"277\">Merinos koyunlar\u0131ndan<\/strong> al\u0131r. G\u00fcn\u00fcm\u00fczde en kaliteli Merinos y\u00fcn\u00fc ise Avustralya ve Yeni Zelanda\u2019da yeti\u015ftirilen Merinos koyunlar\u0131ndan elde edilmektedir.<\/p>\n<h4 class=\"\" data-start=\"408\" data-end=\"428\">\ud83d\udd0d \u00d6zellikleri:<\/h4>\n<ul data-start=\"429\" data-end=\"834\">\n<li class=\"\" data-start=\"429\" data-end=\"516\">\n<p class=\"\" data-start=\"431\" data-end=\"516\"><strong data-start=\"431\" data-end=\"461\">\u0130nce ve yumu\u015fak lif yap\u0131s\u0131<\/strong> sayesinde ciltle temas etti\u011finde batma hissi yaratmaz.<\/p>\n<\/li>\n<li class=\"\" data-start=\"517\" data-end=\"581\">\n<p class=\"\" data-start=\"519\" data-end=\"581\"><strong data-start=\"519\" data-end=\"537\">Nefes alabilen<\/strong> bir yap\u0131ya sahiptir, bu da terlemeyi \u00f6nler.<\/p>\n<\/li>\n<li class=\"\" data-start=\"582\" data-end=\"643\">\n<p class=\"\" data-start=\"584\" data-end=\"643\">Is\u0131 yal\u0131t\u0131m\u0131 y\u00fcksektir: <strong data-start=\"608\" data-end=\"643\">k\u0131\u015f\u0131n s\u0131cak, yaz\u0131n serin tutar.<\/strong><\/p>\n<\/li>\n<li class=\"\" data-start=\"644\" data-end=\"709\">\n<p class=\"\" data-start=\"646\" data-end=\"709\"><strong data-start=\"646\" data-end=\"668\">Do\u011fal elastikiyeti<\/strong> sayesinde k\u0131r\u0131\u015f\u0131kl\u0131\u011fa kar\u015f\u0131 diren\u00e7lidir.<\/p>\n<\/li>\n<li class=\"\" data-start=\"710\" data-end=\"773\">\n<p class=\"\" data-start=\"712\" data-end=\"773\"><strong data-start=\"712\" data-end=\"736\">Nem \u00e7ekme kapasitesi<\/strong> olduk\u00e7a y\u00fcksektir; kuru his b\u0131rak\u0131r.<\/p>\n<\/li>\n<li class=\"\" data-start=\"774\" data-end=\"834\">\n<p class=\"\" data-start=\"776\" data-end=\"834\">%100 do\u011fal ve biyolojik olarak \u00e7\u00f6z\u00fcnebilir bir malzemedir.<\/p>\n<\/li>\n<\/ul>\n<h4 class=\"\" data-start=\"836\" data-end=\"862\">\ud83e\uddf6 Kullan\u0131m Alanlar\u0131:<\/h4>\n<ul data-start=\"863\" data-end=\"1054\">\n<li class=\"\" data-start=\"863\" data-end=\"913\">\n<p class=\"\" data-start=\"865\" data-end=\"913\">Kaliteli kazaklar, i\u00e7likler ve termal k\u0131yafetler<\/p>\n<\/li>\n<li class=\"\" data-start=\"914\" data-end=\"964\">\n<p class=\"\" data-start=\"916\" data-end=\"964\">Bebek k\u0131yafetleri (hassas ciltler i\u00e7in idealdir)<\/p>\n<\/li>\n<li class=\"\" data-start=\"965\" data-end=\"1009\">\n<p class=\"\" data-start=\"967\" data-end=\"1009\">Spor giysileri ve outdoor tekstil \u00fcr\u00fcnleri<\/p>\n<\/li>\n<li class=\"\" data-start=\"1010\" data-end=\"1054\">\n<p class=\"\" data-start=\"1012\" data-end=\"1054\">Battaniye, \u00e7orap ve yorgan dolgu malzemesi<\/p>\n<\/li>\n<\/ul>\n<h4 class=\"\" data-start=\"1056\" data-end=\"1076\">\ud83c\udf3f Do\u011faya Dost:<\/h4>\n<p class=\"\" data-start=\"1077\" data-end=\"1224\">Merinos y\u00fcn\u00fc, s\u00fcrd\u00fcr\u00fclebilir \u00fcretim s\u00fcre\u00e7leriyle do\u011faya zarar vermez. Do\u011fal bir kaynak olmas\u0131 sayesinde hem insan sa\u011fl\u0131\u011f\u0131na hem \u00e7evreye duyarl\u0131d\u0131r.<\/p>\n\n    <div class=\"xs_social_share_widget xs_share_url after_content \t\tmain_content  wslu-style-1 wslu-share-box-shaped wslu-fill-colored wslu-none wslu-share-horizontal wslu-theme-font-no wslu-main_content\">\n\n\t\t\n        <ul>\n\t\t\t        <\/ul>\n    <\/div> \n","protected":false},"excerpt":{"rendered":"<p>%100 Do\u011fal Merinos Y\u00fcn\u00fc<\/p>\n","protected":false},"featured_media":306,"comment_status":"open","ping_status":"closed","template":"","meta":{"postBodyCss":"","postBodyMargin":[],"postBodyPadding":[],"postBodyBackground":{"backgroundType":"classic","gradient":""}},"product_brand":[],"product_cat":[28,33],"product_tag":[],"class_list":{"0":"post-202","1":"product","2":"type-product","3":"status-publish","4":"has-post-thumbnail","6":"product_cat-yuncesitleri","7":"product_cat-yunler","9":"first","10":"instock","11":"downloadable","12":"virtual","13":"purchasable","14":"product-type-simple"},"_links":{"self":[{"href":"https:\/\/temizisyuntarama.com\/index.php?rest_route=\/wp\/v2\/product\/202","targetHints":{"allow":["GET"]}}],"collection":[{"href":"https:\/\/temizisyuntarama.com\/index.php?rest_route=\/wp\/v2\/product"}],"about":[{"href":"https:\/\/temizisyuntarama.com\/index.php?rest_route=\/wp\/v2\/types\/product"}],"replies":[{"embeddable":true,"href":"https:\/\/temizisyuntarama.com\/index.php?rest_route=%2Fwp%2Fv2%2Fcomments&post=202"}],"wp:featuredmedia":[{"embeddable":true,"href":"https:\/\/temizisyuntarama.com\/index.php?rest_route=\/wp\/v2\/media\/306"}],"wp:attachment":[{"href":"https:\/\/temizisyuntarama.com\/index.php?rest_route=%2Fwp%2Fv2%2Fmedia&parent=202"}],"wp:term":[{"taxonomy":"product_brand","embeddable":true,"href":"https:\/\/temizisyuntarama.com\/index.php?rest_route=%2Fwp%2Fv2%2Fproduct_brand&post=202"},{"taxonomy":"product_cat","embeddable":true,"href":"https:\/\/temizisyuntarama.com\/index.php?rest_route=%2Fwp%2Fv2%2Fproduct_cat&post=202"},{"taxonomy":"product_tag","embeddable":true,"href":"https:\/\/temizisyuntarama.com\/index.php?rest_route=%2Fwp%2Fv2%2Fproduct_tag&post=202"}],"curies":[{"name":"wp","href":"https:\/\/api.w.org\/{rel}","templated":true}]}}