{"id":68,"date":"2019-04-18T11:20:25","date_gmt":"2019-04-18T11:20:25","guid":{"rendered":"https:\/\/envothemes.com\/envo-ecommerce\/?page_id=68"},"modified":"2025-08-03T17:39:15","modified_gmt":"2025-08-03T17:39:15","slug":"sale","status":"publish","type":"page","link":"https:\/\/temizisyuntarama.com\/?page_id=68","title":{"rendered":"B\u0130Z\u0130 TANIYIN"},"content":{"rendered":"\t\t<div data-elementor-type=\"wp-post\" data-elementor-id=\"68\" class=\"elementor elementor-68\">\n\t\t\t\t<div class=\"elementor-element elementor-element-937f0d9 e-flex e-con-boxed e-con e-parent\" data-id=\"937f0d9\" data-element_type=\"container\">\n\t\t\t\t\t<div class=\"e-con-inner\">\n\t\t\t\t<div class=\"elementor-element elementor-element-e7657cb elementor-widget elementor-widget-heading\" data-id=\"e7657cb\" data-element_type=\"widget\" data-widget_type=\"heading.default\">\n\t\t\t\t<div class=\"elementor-widget-container\">\n\t\t\t\t\t<h3 class=\"elementor-heading-title elementor-size-default\">Temiz \u0130\u015f Y\u00fcn Tarama olarak firmam\u0131z 60 y\u0131ld\u0131r \u0130\u00e7 Anadolu b\u00f6lgesinde AKSARAY ilinde siz m\u00fc\u015fterilerine hizmet vermektedir. Baba'dan o\u011fula ge\u00e7en firmam\u0131z, y\u00fcn, elyaf, pamuk vb. \u00fcr\u00fcnlerinizin tekrar \u00e7\u0131rpma tarama \u015feklinde tekrar nezene edilerek kullan\u0131ma sunulmaktad\u0131r. Firmam\u0131zda y\u00fcn, elyaf ve pamuklar\u0131n b\u00f6l\u00fcnerek yorgan, d\u00f6\u015fek, yast\u0131k, kanepe \u00fcstlenme, koltuk \u00fcstlenme \u015feklinde dikilip hizmetinizde en ge\u00e7 3-5 g\u00fcn i\u00e7inde teslim edilmektedir. \u0130\u015f yerimizde nevresim tak\u0131mlar\u0131, bebek tak\u0131mlar\u0131, yast\u0131k k\u0131l\u0131flar\u0131 (yeti\u015fkin, \u00e7ocuk), buna \u00fcr\u00fcnlerimizin %100 pamuk, %60-40 pamuk \u015feklinde olup \u00e7e\u015fit \u00e7e\u015fit tak\u0131mlar\u0131m\u0131z mevcuttur.\n\nFelsefemiz \"M\u00fc\u015fteri memnuniyeti para kazanmaktan daha \u00f6nemlidir.\" Paray\u0131 kaybetmektense, m\u00fc\u015fteri kaybetmek i\u00e7in yola \u00e7\u0131kmad\u0131k. Be\u011fenilmeyen en ufak \u015f\u00fcphede malzeme tekrar yap\u0131l\u0131p yenilenmektedir. \u00d6nemli olan d\u0131\u015far\u0131dan oldu\u011fu i\u00e7in \u00fcr\u00fcnlerimiz s\u00f6kme yapm\u0131yor. Pilit \u015feklinde getirip kendi at\u00f6lyelerimize g\u00f6nderilmektedir. Evde \u015fu an evinizde kullan\u0131lan malzemenin tamam\u0131 belki bizim iplikten kullan\u0131lm\u0131\u015ft\u0131r. Firmam\u0131z babadan beri oldu\u011fu gibi g\u00fcler y\u00fcz, kaliteli, temiz \u00fcr\u00fcn, sizlerin g\u00fcveni, a\u00e7\u0131klamadan memnuniyet anlay\u0131\u015f\u0131, sizlerin g\u00fcveni memnuniyeti bizi 60 y\u0131ld\u0131r ayakta tuttu. Sizleri bir karde\u015f olarak seviyoruz. ALLAH\u2019A emanet olun.<\/h3>\t\t\t\t<\/div>\n\t\t\t\t<\/div>\n\t\t\t\t\t<\/div>\n\t\t\t\t<\/div>\n\t\t<div class=\"elementor-element elementor-element-bfbfb22 e-grid e-con-boxed e-con e-parent\" data-id=\"bfbfb22\" data-element_type=\"container\">\n\t\t\t\t\t<div class=\"e-con-inner\">\n\t\t\t\t<div class=\"elementor-element elementor-element-c7fe29e elementor-widget elementor-widget-image\" data-id=\"c7fe29e\" data-element_type=\"widget\" data-widget_type=\"image.default\">\n\t\t\t\t<div class=\"elementor-widget-container\">\n\t\t\t\t\t\t\t\t\t\t\t\t\t\t\t\t<a href=\"https:\/\/www.facebook.com\/profile.php?id=61579053420920\">\n\t\t\t\t\t\t\t<img decoding=\"async\" width=\"150\" height=\"150\" src=\"https:\/\/temizisyuntarama.com\/wp-content\/uploads\/2025\/04\/facebook-2019-05-21-1-150x150.webp\" class=\"attachment-thumbnail size-thumbnail wp-image-241\" alt=\"\" srcset=\"https:\/\/temizisyuntarama.com\/wp-content\/uploads\/2025\/04\/facebook-2019-05-21-1-150x150.webp 150w, https:\/\/temizisyuntarama.com\/wp-content\/uploads\/2025\/04\/facebook-2019-05-21-1-300x300.webp 300w, https:\/\/temizisyuntarama.com\/wp-content\/uploads\/2025\/04\/facebook-2019-05-21-1-100x100.webp 100w, https:\/\/temizisyuntarama.com\/wp-content\/uploads\/2025\/04\/facebook-2019-05-21-1.webp 512w\" sizes=\"(max-width: 150px) 100vw, 150px\" \/>\t\t\t\t\t\t\t\t<\/a>\n\t\t\t\t\t\t\t\t\t\t\t\t\t\t\t<\/div>\n\t\t\t\t<\/div>\n\t\t\t\t<div class=\"elementor-element elementor-element-b7cf7ba elementor-widget elementor-widget-image\" data-id=\"b7cf7ba\" data-element_type=\"widget\" data-widget_type=\"image.default\">\n\t\t\t\t<div class=\"elementor-widget-container\">\n\t\t\t\t\t\t\t\t\t\t\t\t\t\t\t\t<a href=\"https:\/\/wa.me\/5418345579\">\n\t\t\t\t\t\t\t<img decoding=\"async\" width=\"150\" height=\"150\" src=\"https:\/\/temizisyuntarama.com\/wp-content\/uploads\/2025\/04\/images-150x150.png\" class=\"attachment-thumbnail size-thumbnail wp-image-242\" alt=\"\" srcset=\"https:\/\/temizisyuntarama.com\/wp-content\/uploads\/2025\/04\/images-150x150.png 150w, https:\/\/temizisyuntarama.com\/wp-content\/uploads\/2025\/04\/images-100x100.png 100w, https:\/\/temizisyuntarama.com\/wp-content\/uploads\/2025\/04\/images.png 225w\" sizes=\"(max-width: 150px) 100vw, 150px\" \/>\t\t\t\t\t\t\t\t<\/a>\n\t\t\t\t\t\t\t\t\t\t\t\t\t\t\t<\/div>\n\t\t\t\t<\/div>\n\t\t\t\t<div class=\"elementor-element elementor-element-aea44d0 elementor-widget elementor-widget-image\" data-id=\"aea44d0\" data-element_type=\"widget\" data-widget_type=\"image.default\">\n\t\t\t\t<div class=\"elementor-widget-container\">\n\t\t\t\t\t\t\t\t\t\t\t\t\t\t\t\t<a href=\"https:\/\/www.instagram.com\/temizisyun\/\">\n\t\t\t\t\t\t\t<img decoding=\"async\" width=\"150\" height=\"150\" src=\"https:\/\/temizisyuntarama.com\/wp-content\/uploads\/2025\/04\/instagram-social-media-icon-symbol-element-illustration-free-vector-150x150.jpg\" class=\"attachment-thumbnail size-thumbnail wp-image-243\" alt=\"\" srcset=\"https:\/\/temizisyuntarama.com\/wp-content\/uploads\/2025\/04\/instagram-social-media-icon-symbol-element-illustration-free-vector-150x150.jpg 150w, https:\/\/temizisyuntarama.com\/wp-content\/uploads\/2025\/04\/instagram-social-media-icon-symbol-element-illustration-free-vector-300x300.jpg 300w, https:\/\/temizisyuntarama.com\/wp-content\/uploads\/2025\/04\/instagram-social-media-icon-symbol-element-illustration-free-vector-100x100.jpg 100w\" sizes=\"(max-width: 150px) 100vw, 150px\" \/>\t\t\t\t\t\t\t\t<\/a>\n\t\t\t\t\t\t\t\t\t\t\t\t\t\t\t<\/div>\n\t\t\t\t<\/div>\n\t\t\t\t\t<\/div>\n\t\t\t\t<\/div>\n\t\t\t\t<\/div>\n\t\t\n    <div class=\"xs_social_share_widget xs_share_url after_content \t\tmain_content  wslu-style-1 wslu-share-box-shaped wslu-fill-colored wslu-none wslu-share-horizontal wslu-theme-font-no wslu-main_content\">\n\n\t\t\n        <ul>\n\t\t\t        <\/ul>\n    <\/div> \n","protected":false},"excerpt":{"rendered":"<p>Temiz \u0130\u015f Y\u00fcn Tarama olarak firmam\u0131z 60 y\u0131ld\u0131r \u0130\u00e7 Anadolu b\u00f6lgesinde AKSARAY ilinde siz m\u00fc\u015fterilerine hizmet vermektedir. Baba&#8217;dan o\u011fula ge\u00e7en&hellip;<\/p>\n","protected":false},"author":1,"featured_media":34,"parent":0,"menu_order":0,"comment_status":"closed","ping_status":"closed","template":"template-parts\/template-page-builders.php","meta":{"postBodyCss":"","postBodyMargin":[],"postBodyPadding":[],"postBodyBackground":{"backgroundType":"classic","gradient":""},"footnotes":""},"class_list":["post-68","page","type-page","status-publish","has-post-thumbnail","hentry"],"_links":{"self":[{"href":"https:\/\/temizisyuntarama.com\/index.php?rest_route=\/wp\/v2\/pages\/68","targetHints":{"allow":["GET"]}}],"collection":[{"href":"https:\/\/temizisyuntarama.com\/index.php?rest_route=\/wp\/v2\/pages"}],"about":[{"href":"https:\/\/temizisyuntarama.com\/index.php?rest_route=\/wp\/v2\/types\/page"}],"author":[{"embeddable":true,"href":"https:\/\/temizisyuntarama.com\/index.php?rest_route=\/wp\/v2\/users\/1"}],"replies":[{"embeddable":true,"href":"https:\/\/temizisyuntarama.com\/index.php?rest_route=%2Fwp%2Fv2%2Fcomments&post=68"}],"version-history":[{"count":22,"href":"https:\/\/temizisyuntarama.com\/index.php?rest_route=\/wp\/v2\/pages\/68\/revisions"}],"predecessor-version":[{"id":468,"href":"https:\/\/temizisyuntarama.com\/index.php?rest_route=\/wp\/v2\/pages\/68\/revisions\/468"}],"wp:featuredmedia":[{"embeddable":true,"href":"https:\/\/temizisyuntarama.com\/index.php?rest_route=\/wp\/v2\/media\/34"}],"wp:attachment":[{"href":"https:\/\/temizisyuntarama.com\/index.php?rest_route=%2Fwp%2Fv2%2Fmedia&parent=68"}],"curies":[{"name":"wp","href":"https:\/\/api.w.org\/{rel}","templated":true}]}}